{"id":63,"date":"2020-09-12T13:30:41","date_gmt":"2020-09-12T11:30:41","guid":{"rendered":"http:\/\/tadeusz.mserwis.info\/?page_id=63"},"modified":"2021-02-20T21:14:59","modified_gmt":"2021-02-20T20:14:59","slug":"drzwi","status":"publish","type":"page","link":"https:\/\/www.fensterfurihrzuhause.eu\/?page_id=63","title":{"rendered":"Drzwi"},"content":{"rendered":"\t\t<div data-elementor-type=\"wp-page\" data-elementor-id=\"63\" class=\"elementor elementor-63\">\n\t\t\t\t\t\t<section class=\"elementor-section elementor-top-section elementor-element elementor-element-2731df9 elementor-section-boxed elementor-section-height-default elementor-section-height-default\" data-id=\"2731df9\" data-element_type=\"section\">\n\t\t\t\t\t\t<div class=\"elementor-container elementor-column-gap-default\">\n\t\t\t\t\t<div class=\"elementor-column elementor-col-100 elementor-top-column elementor-element elementor-element-04f5e9f\" data-id=\"04f5e9f\" data-element_type=\"column\">\n\t\t\t<div class=\"elementor-widget-wrap elementor-element-populated\">\n\t\t\t\t\t\t<div class=\"elementor-element elementor-element-1b36d37 elementor-widget elementor-widget-image\" data-id=\"1b36d37\" data-element_type=\"widget\" data-widget_type=\"image.default\">\n\t\t\t\t<div class=\"elementor-widget-container\">\n\t\t\t\t\t\t\t\t\t\t\t\t\t\t\t<img fetchpriority=\"high\" decoding=\"async\" width=\"1920\" height=\"1024\" src=\"https:\/\/www.fensterfurihrzuhause.eu\/wp-content\/uploads\/2021\/02\/top_drzwi.jpg\" class=\"attachment-full size-full wp-image-232\" alt=\"\" srcset=\"https:\/\/www.fensterfurihrzuhause.eu\/wp-content\/uploads\/2021\/02\/top_drzwi.jpg 1920w, https:\/\/www.fensterfurihrzuhause.eu\/wp-content\/uploads\/2021\/02\/top_drzwi-300x160.jpg 300w, https:\/\/www.fensterfurihrzuhause.eu\/wp-content\/uploads\/2021\/02\/top_drzwi-1024x546.jpg 1024w, https:\/\/www.fensterfurihrzuhause.eu\/wp-content\/uploads\/2021\/02\/top_drzwi-768x410.jpg 768w, https:\/\/www.fensterfurihrzuhause.eu\/wp-content\/uploads\/2021\/02\/top_drzwi-1536x819.jpg 1536w\" sizes=\"(max-width: 1920px) 100vw, 1920px\" \/>\t\t\t\t\t\t\t\t\t\t\t\t\t\t\t<\/div>\n\t\t\t\t<\/div>\n\t\t\t\t\t<\/div>\n\t\t<\/div>\n\t\t\t\t\t<\/div>\n\t\t<\/section>\n\t\t\t\t<section class=\"elementor-section elementor-top-section elementor-element elementor-element-131ecae elementor-section-boxed elementor-section-height-default elementor-section-height-default\" data-id=\"131ecae\" data-element_type=\"section\">\n\t\t\t\t\t\t<div class=\"elementor-container elementor-column-gap-default\">\n\t\t\t\t\t<div class=\"elementor-column elementor-col-50 elementor-top-column elementor-element elementor-element-473b8ab\" data-id=\"473b8ab\" data-element_type=\"column\">\n\t\t\t<div class=\"elementor-widget-wrap elementor-element-populated\">\n\t\t\t\t\t\t<div class=\"elementor-element elementor-element-eb1d7e0 elementor-widget elementor-widget-text-editor\" data-id=\"eb1d7e0\" data-element_type=\"widget\" data-widget_type=\"text-editor.default\">\n\t\t\t\t<div class=\"elementor-widget-container\">\n\t\t\t\t\t\t\t\t\t<div id=\"ff-main-content-left\" class=\"small-12 large-6 columns\"><div style=\"background-color: #f2f2f2; padding: 20px; min-height: 220px;\"><h3 style=\"text-align: justify;\">T\u00dcREN<\/h3><p align=\"left\"><span lang=\"de-DE\">Die T\u00fcren wie auch andere Elemente der Fensterger\u00e4hme m\u00fcssen in sich folgende Eigenschaften verk\u00f6rpern: gute Isolierung, Sicherheit und Design, das die Erwartungen der Nutzer erf\u00fcllt. <\/span><\/p><p align=\"left\"><span lang=\"de-DE\">Wir vergessen keine dieser Merkmale.<\/span><\/p><\/div><\/div>\t\t\t\t\t\t\t\t<\/div>\n\t\t\t\t<\/div>\n\t\t\t\t\t<\/div>\n\t\t<\/div>\n\t\t\t\t<div class=\"elementor-column elementor-col-50 elementor-top-column elementor-element elementor-element-6ab4ca4\" data-id=\"6ab4ca4\" data-element_type=\"column\">\n\t\t\t<div class=\"elementor-widget-wrap elementor-element-populated\">\n\t\t\t\t\t\t<div class=\"elementor-element elementor-element-208f899 elementor-widget elementor-widget-image\" data-id=\"208f899\" data-element_type=\"widget\" data-widget_type=\"image.default\">\n\t\t\t\t<div class=\"elementor-widget-container\">\n\t\t\t\t\t\t\t\t\t\t\t\t\t\t\t<img decoding=\"async\" width=\"475\" height=\"220\" src=\"https:\/\/www.fensterfurihrzuhause.eu\/wp-content\/uploads\/2020\/09\/drzwi1.png\" class=\"attachment-large size-large wp-image-87\" alt=\"\" srcset=\"https:\/\/www.fensterfurihrzuhause.eu\/wp-content\/uploads\/2020\/09\/drzwi1.png 475w, https:\/\/www.fensterfurihrzuhause.eu\/wp-content\/uploads\/2020\/09\/drzwi1-300x139.png 300w\" sizes=\"(max-width: 475px) 100vw, 475px\" \/>\t\t\t\t\t\t\t\t\t\t\t\t\t\t\t<\/div>\n\t\t\t\t<\/div>\n\t\t\t\t\t<\/div>\n\t\t<\/div>\n\t\t\t\t\t<\/div>\n\t\t<\/section>\n\t\t\t\t<section class=\"elementor-section elementor-top-section elementor-element elementor-element-abf0c6e elementor-section-boxed elementor-section-height-default elementor-section-height-default\" data-id=\"abf0c6e\" data-element_type=\"section\">\n\t\t\t\t\t\t<div class=\"elementor-container elementor-column-gap-default\">\n\t\t\t\t\t<div class=\"elementor-column elementor-col-50 elementor-top-column elementor-element elementor-element-518695d\" data-id=\"518695d\" data-element_type=\"column\">\n\t\t\t<div class=\"elementor-widget-wrap elementor-element-populated\">\n\t\t\t\t\t\t<div class=\"elementor-element elementor-element-f709cf2 elementor-widget elementor-widget-image\" data-id=\"f709cf2\" data-element_type=\"widget\" data-widget_type=\"image.default\">\n\t\t\t\t<div class=\"elementor-widget-container\">\n\t\t\t\t\t\t\t\t\t\t\t\t\t\t\t<img decoding=\"async\" width=\"380\" height=\"264\" src=\"https:\/\/www.fensterfurihrzuhause.eu\/wp-content\/uploads\/2020\/09\/drzwi2.png\" class=\"attachment-large size-large wp-image-88\" alt=\"\" srcset=\"https:\/\/www.fensterfurihrzuhause.eu\/wp-content\/uploads\/2020\/09\/drzwi2.png 380w, https:\/\/www.fensterfurihrzuhause.eu\/wp-content\/uploads\/2020\/09\/drzwi2-300x208.png 300w\" sizes=\"(max-width: 380px) 100vw, 380px\" \/>\t\t\t\t\t\t\t\t\t\t\t\t\t\t\t<\/div>\n\t\t\t\t<\/div>\n\t\t\t\t\t<\/div>\n\t\t<\/div>\n\t\t\t\t<div class=\"elementor-column elementor-col-50 elementor-top-column elementor-element elementor-element-306ab87\" data-id=\"306ab87\" data-element_type=\"column\">\n\t\t\t<div class=\"elementor-widget-wrap elementor-element-populated\">\n\t\t\t\t\t\t<div class=\"elementor-element elementor-element-d15b815 elementor-widget elementor-widget-text-editor\" data-id=\"d15b815\" data-element_type=\"widget\" data-widget_type=\"text-editor.default\">\n\t\t\t\t<div class=\"elementor-widget-container\">\n\t\t\t\t\t\t\t\t\t<div><h4 style=\"color: #c2272d; font-weight: bold;\">1. AUSSENT\u00dcREN<\/h4><div style=\"margin-left: 1.75em;\"><p align=\"left\"><span lang=\"de-DE\">Die Au\u00dfent\u00fcren m\u00fcssen sich vor allem durch hohe W\u00e4rmeisolierung auszeichnen. Ein weiteres und genauso wichtiges Merkmal ist die Sicherheit. <\/span><\/p><p align=\"left\"><span lang=\"de-DE\">Und letztendlich das Design, das zu der Au\u00dfengestaltung des Hauses und dem Fensterger\u00e4hme passen muss. <\/span><\/p><p align=\"left\"><span lang=\"de-DE\">Wir haben diese Themen nicht au\u00dferacht gelassen \u2013 wir offerieren eine breite Auswahl an Holzt\u00fcren und Aluminiumt\u00fcren, die alle Ihr Wunsch erf\u00fcllen wird. <\/span><\/p><p align=\"left\"><span lang=\"de-DE\"><b>Hersteller, mit denen wir zusammenarbeiten:<\/b><\/span><\/p><p style=\"margin-bottom: 0;\">Stahlt\u00fcren:<\/p><ul style=\"list-style-type: square; margin-left: 0.15em;\"><li style=\"color: #c2272d;\">Stalprodukt Zamo\u015b\u0107<\/li><li style=\"color: #c2272d;\">Delta<\/li><\/ul><p style=\"margin-bottom: 0;\">Holzt\u00fcren:<\/p><ul style=\"list-style-type: square; margin-left: 0.15em;\"><li style=\"color: #c2272d;\">Doorsy<\/li><\/ul><\/div><\/div>\t\t\t\t\t\t\t\t<\/div>\n\t\t\t\t<\/div>\n\t\t\t\t\t<\/div>\n\t\t<\/div>\n\t\t\t\t\t<\/div>\n\t\t<\/section>\n\t\t\t\t<section class=\"elementor-section elementor-top-section elementor-element elementor-element-485b121 elementor-section-boxed elementor-section-height-default elementor-section-height-default\" data-id=\"485b121\" data-element_type=\"section\">\n\t\t\t\t\t\t<div class=\"elementor-container elementor-column-gap-default\">\n\t\t\t\t\t<div class=\"elementor-column elementor-col-50 elementor-top-column elementor-element elementor-element-71af678\" data-id=\"71af678\" data-element_type=\"column\">\n\t\t\t<div class=\"elementor-widget-wrap elementor-element-populated\">\n\t\t\t\t\t\t<div class=\"elementor-element elementor-element-f76c96c elementor-widget elementor-widget-image\" data-id=\"f76c96c\" data-element_type=\"widget\" data-widget_type=\"image.default\">\n\t\t\t\t<div class=\"elementor-widget-container\">\n\t\t\t\t\t\t\t\t\t\t\t\t\t\t\t<img loading=\"lazy\" decoding=\"async\" width=\"380\" height=\"253\" src=\"https:\/\/www.fensterfurihrzuhause.eu\/wp-content\/uploads\/2020\/09\/drzwi3.png\" class=\"attachment-large size-large wp-image-89\" alt=\"\" srcset=\"https:\/\/www.fensterfurihrzuhause.eu\/wp-content\/uploads\/2020\/09\/drzwi3.png 380w, https:\/\/www.fensterfurihrzuhause.eu\/wp-content\/uploads\/2020\/09\/drzwi3-300x200.png 300w\" sizes=\"(max-width: 380px) 100vw, 380px\" \/>\t\t\t\t\t\t\t\t\t\t\t\t\t\t\t<\/div>\n\t\t\t\t<\/div>\n\t\t\t\t\t<\/div>\n\t\t<\/div>\n\t\t\t\t<div class=\"elementor-column elementor-col-50 elementor-top-column elementor-element elementor-element-8f10af2\" data-id=\"8f10af2\" data-element_type=\"column\">\n\t\t\t<div class=\"elementor-widget-wrap elementor-element-populated\">\n\t\t\t\t\t\t<div class=\"elementor-element elementor-element-f7018cb elementor-widget elementor-widget-text-editor\" data-id=\"f7018cb\" data-element_type=\"widget\" data-widget_type=\"text-editor.default\">\n\t\t\t\t<div class=\"elementor-widget-container\">\n\t\t\t\t\t\t\t\t\t<div id=\"ff-sidebar-right\" class=\"small-12 large-6 columns\"><h4 style=\"color: #c2272d; font-weight: bold;\">2. INNENT\u00dcREN<\/h4><div style=\"margin-left: 1.75em;\"><p align=\"left\"><span lang=\"de-DE\">Wir offerieren eine breite Wahl an Farben und Design so, dass neben der Teilung der R\u00e4ume im Haus, sich die T\u00fcren gut mit dem Interieur komponieren. <\/span><\/p><p align=\"left\"><span lang=\"de-DE\"><b>Hersteller, mit denen wir zusammenarbeiten:<\/b><\/span><\/p><ul style=\"list-style-type: square; margin-left: 0.15em;\"><li style=\"color: #c2272d;\">DRE<\/li><li style=\"color: #c2272d;\">Porta<\/li><li style=\"color: #c2272d;\">Polskone<\/li><li style=\"color: #c2272d;\">Verte<\/li><\/ul><\/div><\/div>\t\t\t\t\t\t\t\t<\/div>\n\t\t\t\t<\/div>\n\t\t\t\t\t<\/div>\n\t\t<\/div>\n\t\t\t\t\t<\/div>\n\t\t<\/section>\n\t\t\t\t<\/div>\n\t\t","protected":false},"excerpt":{"rendered":"<p>T\u00dcREN Die T\u00fcren wie auch andere Elemente der Fensterger\u00e4hme m\u00fcssen in sich folgende Eigenschaften verk\u00f6rpern: gute Isolierung, Sicherheit und Design, das die Erwartungen der Nutzer erf\u00fcllt. Wir vergessen keine dieser Merkmale. 1. AUSSENT\u00dcREN Die Au\u00dfent\u00fcren m\u00fcssen sich vor allem durch hohe W\u00e4rmeisolierung auszeichnen. Ein weiteres und genauso wichtiges Merkmal ist die Sicherheit. Und letztendlich das [&hellip;]<\/p>\n","protected":false},"author":1,"featured_media":0,"parent":0,"menu_order":0,"comment_status":"closed","ping_status":"closed","template":"","meta":{"ocean_post_layout":"full-screen","ocean_both_sidebars_style":"","ocean_both_sidebars_content_width":0,"ocean_both_sidebars_sidebars_width":0,"ocean_sidebar":"0","ocean_second_sidebar":"0","ocean_disable_margins":"enable","ocean_add_body_class":"","ocean_shortcode_before_top_bar":"","ocean_shortcode_after_top_bar":"","ocean_shortcode_before_header":"","ocean_shortcode_after_header":"","ocean_has_shortcode":"","ocean_shortcode_after_title":"","ocean_shortcode_before_footer_widgets":"","ocean_shortcode_after_footer_widgets":"","ocean_shortcode_before_footer_bottom":"","ocean_shortcode_after_footer_bottom":"","ocean_display_top_bar":"default","ocean_display_header":"default","ocean_header_style":"","ocean_center_header_left_menu":"0","ocean_custom_header_template":"0","ocean_custom_logo":0,"ocean_custom_retina_logo":0,"ocean_custom_logo_max_width":0,"ocean_custom_logo_tablet_max_width":0,"ocean_custom_logo_mobile_max_width":0,"ocean_custom_logo_max_height":0,"ocean_custom_logo_tablet_max_height":0,"ocean_custom_logo_mobile_max_height":0,"ocean_header_custom_menu":"0","ocean_menu_typo_font_family":"0","ocean_menu_typo_font_subset":"","ocean_menu_typo_font_size":0,"ocean_menu_typo_font_size_tablet":0,"ocean_menu_typo_font_size_mobile":0,"ocean_menu_typo_font_size_unit":"px","ocean_menu_typo_font_weight":"","ocean_menu_typo_font_weight_tablet":"","ocean_menu_typo_font_weight_mobile":"","ocean_menu_typo_transform":"","ocean_menu_typo_transform_tablet":"","ocean_menu_typo_transform_mobile":"","ocean_menu_typo_line_height":0,"ocean_menu_typo_line_height_tablet":0,"ocean_menu_typo_line_height_mobile":0,"ocean_menu_typo_line_height_unit":"","ocean_menu_typo_spacing":0,"ocean_menu_typo_spacing_tablet":0,"ocean_menu_typo_spacing_mobile":0,"ocean_menu_typo_spacing_unit":"","ocean_menu_link_color":"","ocean_menu_link_color_hover":"","ocean_menu_link_color_active":"","ocean_menu_link_background":"","ocean_menu_link_hover_background":"","ocean_menu_link_active_background":"","ocean_menu_social_links_bg":"","ocean_menu_social_hover_links_bg":"","ocean_menu_social_links_color":"","ocean_menu_social_hover_links_color":"","ocean_disable_title":"on","ocean_disable_heading":"default","ocean_post_title":"","ocean_post_subheading":"","ocean_post_title_style":"","ocean_post_title_background_color":"","ocean_post_title_background":0,"ocean_post_title_bg_image_position":"","ocean_post_title_bg_image_attachment":"","ocean_post_title_bg_image_repeat":"","ocean_post_title_bg_image_size":"","ocean_post_title_height":0,"ocean_post_title_bg_overlay":0.5,"ocean_post_title_bg_overlay_color":"","ocean_disable_breadcrumbs":"default","ocean_breadcrumbs_color":"","ocean_breadcrumbs_separator_color":"","ocean_breadcrumbs_links_color":"","ocean_breadcrumbs_links_hover_color":"","ocean_display_footer_widgets":"default","ocean_display_footer_bottom":"default","ocean_custom_footer_template":"0","footnotes":""},"class_list":["post-63","page","type-page","status-publish","hentry","entry"],"_links":{"self":[{"href":"https:\/\/www.fensterfurihrzuhause.eu\/index.php?rest_route=\/wp\/v2\/pages\/63","targetHints":{"allow":["GET"]}}],"collection":[{"href":"https:\/\/www.fensterfurihrzuhause.eu\/index.php?rest_route=\/wp\/v2\/pages"}],"about":[{"href":"https:\/\/www.fensterfurihrzuhause.eu\/index.php?rest_route=\/wp\/v2\/types\/page"}],"author":[{"embeddable":true,"href":"https:\/\/www.fensterfurihrzuhause.eu\/index.php?rest_route=\/wp\/v2\/users\/1"}],"replies":[{"embeddable":true,"href":"https:\/\/www.fensterfurihrzuhause.eu\/index.php?rest_route=%2Fwp%2Fv2%2Fcomments&post=63"}],"version-history":[{"count":10,"href":"https:\/\/www.fensterfurihrzuhause.eu\/index.php?rest_route=\/wp\/v2\/pages\/63\/revisions"}],"predecessor-version":[{"id":235,"href":"https:\/\/www.fensterfurihrzuhause.eu\/index.php?rest_route=\/wp\/v2\/pages\/63\/revisions\/235"}],"wp:attachment":[{"href":"https:\/\/www.fensterfurihrzuhause.eu\/index.php?rest_route=%2Fwp%2Fv2%2Fmedia&parent=63"}],"curies":[{"name":"wp","href":"https:\/\/api.w.org\/{rel}","templated":true}]}}